{"id":76177,"date":"2018-11-08T12:15:38","date_gmt":"2018-11-08T04:15:38","guid":{"rendered":"https:\/\/asf-trade.ru\/shop\/irkutsk\/product\/pos-kompjuter-atol-nfd10-pro\/"},"modified":"2026-04-13T02:09:59","modified_gmt":"2026-04-12T18:09:59","slug":"pos-kompjuter-atol-nfd10-pro-3","status":"publish","type":"product","link":"https:\/\/asf-trade.ru\/shop\/irkutsk\/product\/pos-kompjuter-atol-nfd10-pro-3\/","title":{"rendered":"POS-\u043a\u043e\u043c\u043f\u044c\u044e\u0442\u0435\u0440 \u0410\u0422\u041e\u041b NFD10 PRO"},"content":{"rendered":"<p>POS-\u043a\u043e\u043c\u043f\u044c\u044e\u0442\u0435\u0440 \u0410\u0422\u041e\u041b NFD10 PRO \u2014 \u043d\u043e\u0432\u043e\u0435 \u043f\u043e\u043a\u043e\u043b\u0435\u043d\u0438\u0435 \u043f\u0440\u043e\u043c\u044b\u0448\u043b\u0435\u043d\u043d\u044b\u0445 \u043a\u0430\u0441\u0441\u043e\u0432\u044b\u0445 \u043a\u043e\u043c\u043f\u044c\u044e\u0442\u0435\u0440\u043e\u0432 \u0410\u0422\u041e\u041b.<br \/>\n\u042d\u0442\u043e \u043c\u043e\u0449\u043d\u044b\u0439 \u0438 \u0432\u044b\u0441\u043e\u043a\u043e\u043f\u0440\u043e\u0438\u0437\u0432\u043e\u0434\u0438\u0442\u0435\u043b\u044c\u043d\u044b\u0439 \u0441\u0438\u0441\u0442\u0435\u043c\u043d\u044b\u0439 \u0431\u043b\u043e\u043a, \u0440\u0430\u0437\u0440\u0430\u0431\u043e\u0442\u0430\u043d\u043d\u044b\u0439 \u043d\u0430 \u0431\u0430\u0437\u0435 \u0441\u043e\u0432\u0440\u0435\u043c\u0435\u043d\u043d\u043e\u0433\u043e 4-\u0445 \u044f\u0434\u0435\u0440\u043d\u043e\u0433\u043e \u043f\u0440\u043e\u0446\u0435\u0441\u0441\u043e\u0440\u0430 Intel\u00ae Celeron\u00ae J1900, BayTrail, 2.00 \u0413\u0413\u0446 \/ 2.42 \u0413\u0413\u0446.<br \/>\n\u041a\u043e\u043c\u043f\u044c\u044e\u0442\u0435\u0440 \u043f\u0440\u0435\u0434\u043d\u0430\u0437\u043d\u0430\u0447\u0435\u043d \u0434\u043b\u044f \u0440\u0430\u0431\u043e\u0442\u044b \u0432 \u043a\u0440\u0443\u0433\u043b\u043e\u0441\u0443\u0442\u043e\u0447\u043d\u043e\u043c \u0440\u0435\u0436\u0438\u043c\u0435, \u043b\u0435\u0433\u043a\u043e \u0441\u043f\u0440\u0430\u0432\u043b\u044f\u0435\u0442\u0441\u044f \u0441 \u043a\u0430\u0441\u0441\u043e\u0432\u044b\u043c \u041f\u041e \u0438 \u0441 \u0440\u0435\u0441\u0443\u0440\u0441\u043e\u0435\u043c\u043a\u0438\u043c\u0438 \u0442\u043e\u0432\u0430\u0440\u043e\u0443\u0447\u0435\u0442\u043d\u044b\u043c\u0438 \u043f\u0440\u043e\u0433\u0440\u0430\u043c\u043c\u0430\u043c\u0438. \u0421 NFD10 PRO \u0432\u044b \u0441\u043c\u043e\u0436\u0435\u0442\u0435 \u0431\u044b\u0441\u0442\u0440\u043e \u043e\u0431\u0441\u043b\u0443\u0436\u0438\u0432\u0430\u0442\u044c \u0434\u0430\u0436\u0435 \u0431\u043e\u043b\u044c\u0448\u043e\u0439 \u043f\u043e\u0442\u043e\u043a \u043f\u043e\u043a\u0443\u043f\u0430\u0442\u0435\u043b\u0435\u0439.<br \/>\nNFD10 PRO \u043a\u043e\u043c\u043f\u0430\u043a\u0442\u0435\u043d \u0438 \u0437\u0430\u0439\u043c\u0435\u0442 \u0441\u043e\u0432\u0441\u0435\u043c \u043d\u0435\u043c\u043d\u043e\u0433\u043e \u043c\u0435\u0441\u0442\u0430 \u0432 \u043a\u0430\u0441\u0441\u043e\u0432\u043e\u0439 \u0437\u043e\u043d\u0435: \u0435\u0433\u043e \u0440\u0430\u0437\u043c\u0435\u0440\u044b \u0432\u0441\u0435\u0433\u043e 21 \u0445 24 \u0441\u043c. \u0415\u0433\u043e \u0442\u0430\u043a\u0436\u0435 \u043c\u043e\u0436\u043d\u043e \u0437\u0430\u043a\u0440\u0435\u043f\u0438\u0442\u044c \u043d\u0430 \u0441\u0442\u0435\u043d\u0435 \u0438\u043b\u0438 \u043f\u043e\u0434 \u0441\u0442\u043e\u043b\u043e\u043c, \u0432 \u043a\u043e\u0440\u043f\u0443\u0441\u0435 \u0435\u0441\u0442\u044c \u043e\u0442\u0432\u0435\u0440\u0441\u0442\u0438\u044f \u0434\u043b\u044f \u043a\u0440\u0435\u043f\u043b\u0435\u043d\u0438\u044f.<br \/>\nNFD10 PRO \u0440\u0430\u0431\u043e\u0442\u0430\u0435\u0442 \u0431\u0435\u0441\u0448\u0443\u043c\u043d\u043e \u0438 \u043d\u0435 \u0442\u0440\u0435\u0431\u0443\u0435\u0442 \u0447\u0430\u0441\u0442\u043e\u0433\u043e \u0441\u0435\u0440\u0432\u0438\u0441\u043d\u043e\u0433\u043e \u043e\u0431\u0441\u043b\u0443\u0436\u0438\u0432\u0430\u043d\u0438\u044f. \u041f\u0440\u043e\u0447\u043d\u044b\u0439 \u043a\u043e\u0440\u043f\u0443\u0441 \u0438\u0437 \u0430\u043b\u044e\u043c\u0438\u043d\u0438\u044f \u0440\u0430\u0441\u0441\u0435\u0438\u0432\u0430\u0435\u0442 \u0442\u0435\u043f\u043b\u043e, \u0432\u044b\u0434\u0435\u043b\u044f\u0435\u043c\u043e\u0435 \u0432 \u043f\u0440\u043e\u0446\u0435\u0441\u0441\u0435 \u0440\u0430\u0431\u043e\u0442\u044b, \u043f\u043e\u044d\u0442\u043e\u043c\u0443 \u043a\u043e\u043c\u043f\u044c\u044e\u0442\u0435\u0440 \u0440\u0430\u0431\u043e\u0442\u0430\u0435\u0442 \u0441\u0442\u0430\u0431\u0438\u043b\u044c\u043d\u043e \u0438 \u043d\u0435 \u043f\u0435\u0440\u0435\u0433\u0440\u0435\u0432\u0430\u0435\u0442\u0441\u044f.<br \/>\n\u041a NFD10 PRO \u043c\u043e\u0436\u043d\u043e \u043f\u043e\u0434\u043a\u043b\u044e\u0447\u0438\u0442\u044c \u043b\u044e\u0431\u043e\u0435 \u0442\u043e\u0440\u0433\u043e\u0432\u043e\u0435 \u043e\u0431\u043e\u0440\u0443\u0434\u043e\u0432\u0430\u043d\u0438\u0435, \u043e\u043d \u043e\u0441\u043d\u0430\u0449\u0435\u043d \u0440\u0430\u0441\u0448\u0438\u0440\u0435\u043d\u043d\u044b\u043c \u043d\u0430\u0431\u043e\u0440\u043e\u043c \u043f\u043e\u0440\u0442\u043e\u0432 \u0432\u0432\u043e\u0434\u0430-\u0432\u044b\u0432\u043e\u0434\u0430:<br \/>\n9 \u0445 USB;<br \/>\nPS\/2 \u0434\u043b\u044f \u043f\u043e\u0434\u043a\u043b\u044e\u0447\u0435\u043d\u0438\u044f \u043a\u043b\u0430\u0432\u0438\u0430\u0442\u0443\u0440\u044b \u0438\u043b\u0438 \u043c\u044b\u0448\u0438 \u2013 \u0432 \u0431\u0430\u0437\u043e\u0432\u043e\u0439 \u043a\u043e\u043d\u0444\u0438\u0433\u0443\u0440\u0430\u0446\u0438\u0438;<br \/>\n3 \u0445 RS232-\u043f\u043e\u0440\u0442\u0430 \u0441 \u0443\u0432\u0435\u043b\u0438\u0447\u0435\u043d\u043d\u044b\u043c \u0440\u0430\u0441\u0441\u0442\u043e\u044f\u043d\u0438\u0435\u043c \u043c\u0435\u0436\u0434\u0443 \u043f\u043e\u0440\u0442\u0430\u043c\u0438. \u0412\u044b \u0431\u0435\u0437 \u043f\u0440\u043e\u0431\u043b\u0435\u043c \u043f\u043e\u0434\u043a\u043b\u044e\u0447\u0438\u0442\u0435 \u043e\u0434\u043d\u043e\u0432\u0440\u0435\u043c\u0435\u043d\u043d\u043e 3 \u0443\u0441\u0442\u0440\u043e\u0439\u0441\u0442\u0432\u0430, \u0438\u043c\u0435\u044e\u0449\u0438\u0445 \u043c\u0430\u0441\u0441\u0438\u0432\u043d\u044b\u0435 \u0440\u0430\u0437\u044a\u0451\u043c\u044b.<br \/>\nHDMI-\u043f\u043e\u0440\u0442 \u0434\u043b\u044f \u043f\u043e\u0434\u043a\u043b\u044e\u0447\u0435\u043d\u0438\u044f \u0440\u0435\u043a\u043b\u0430\u043c\u043d\u043e\u0433\u043e \u043c\u043e\u043d\u0438\u0442\u043e\u0440\u0430 \u0438\u043b\u0438 \u0442\u0435\u043b\u0435\u0432\u0438\u0437\u043e\u0440\u0430;<br \/>\nVGA-\u043f\u043e\u0440\u0442 \u0434\u043b\u044f \u043f\u043e\u0434\u043a\u043b\u044e\u0447\u0435\u043d\u0438\u044f POS-\u043c\u043e\u043d\u0438\u0442\u043e\u0440\u0430.<br \/>\n\u041c\u0430\u0442\u0435\u0440\u0438\u043d\u0441\u043a\u0430\u044f \u043f\u043b\u0430\u0442\u0430 \u0438 \u0432\u0441\u0435 \u043d\u0430\u0445\u043e\u0434\u044f\u0449\u0438\u0435\u0441\u044f \u043d\u0430 \u043d\u0435\u0439 \u043a\u043e\u043c\u043f\u043e\u043d\u0435\u043d\u0442\u044b \u043e\u0441\u0442\u0430\u043b\u0438\u0441\u044c \u0431\u0435\u0437 \u0438\u0437\u043c\u0435\u043d\u0435\u043d\u0438\u044f \u043f\u043e \u0441\u0440\u0430\u0432\u043d\u0435\u043d\u0438\u044e \u0441 \u043f\u0440\u0435\u0434\u0448\u0435\u0441\u0442\u0432\u0435\u043d\u043d\u0438\u043a\u043e\u043c \u2013 POS-\u043a\u043e\u043c\u043f\u044c\u044e\u0442\u0435\u0440\u043e\u043c NFD10, \u043a\u043e\u0442\u043e\u0440\u044b\u0439 \u044f\u0432\u043b\u044f\u0435\u0442\u0441\u044f \u043e\u0434\u043d\u0438\u043c \u0438\u0437 \u0441\u0430\u043c\u044b\u0445 \u043d\u0430\u0434\u0435\u0436\u043d\u044b\u0445 \u0432 \u043e\u0442\u0440\u0430\u0441\u043b\u0438. \u041f\u043e\u044d\u0442\u043e\u043c\u0443 \u0432\u044b \u043c\u043e\u0436\u0435\u0442\u0435 \u0431\u044b\u0442\u044c \u0443\u0432\u0435\u0440\u0435\u043d\u044b \u0432 \u0432\u044b\u0441\u043e\u0447\u0430\u0439\u0448\u0435\u0439 \u043d\u0430\u0434\u0435\u0436\u043d\u043e\u0441\u0442\u0438 \u043d\u043e\u0432\u043e\u0439 \u043c\u043e\u0434\u0435\u043b\u0438.<\/p>\n<p>\u0422\u0435\u0445\u043d\u0438\u0447\u0435\u0441\u043a\u0438\u0435 \u0445\u0430\u0440\u0430\u043a\u0442\u0435\u0440\u0438\u0441\u0442\u0438\u043a\u0438:<br \/>\n\u041f\u0440\u043e\u0446\u0435\u0441\u0441\u043e\u0440  Intel\u00ae Celeron\u00ae Intel J1900, 4 Core, 2.00GHz \/ 2.42GHz<br \/>\n\u041e\u043f\u0435\u0440\u0430\u0442\u0438\u0432\u043d\u0430\u044f \u043f\u0430\u043c\u044f\u0442\u044c  2 \u0413\u0431 DDR3, \u0440\u0430\u0441\u0448\u0438\u0440\u044f\u0435\u0442\u0441\u044f \u0434\u043e 4-8 \u0413\u0431, 1 \u0441\u043b\u043e\u0442 SODIMM<br \/>\n\u041d\u0430\u043a\u043e\u043f\u0438\u0442\u0435\u043b\u044c  \u0422\u0432\u0435\u0440\u0434\u043e\u0442\u0435\u043b\u044c\u043d\u044b\u0439 \u043d\u0430\u043a\u043e\u043f\u0438\u0442\u0435\u043b\u044c \u043d\u0430 \u043e\u0441\u043d\u043e\u0432\u0435 \u0444\u043b\u044d\u0448-\u043f\u0430\u043c\u044f\u0442\u0438 SSD 64 \u0413\u0431 (mSATA). \u0423\u0432\u0435\u043b\u0438\u0447\u0435\u043d\u0438\u0435 \u043e\u0431\u044a\u0451\u043c\u0430 SSD \u2013 \u043f\u043e \u0437\u0430\u043f\u0440\u043e\u0441\u0443.<br \/>\n\u0421\u0435\u0442\u0435\u0432\u0430\u044f \u043a\u0430\u0440\u0442\u0430 1 \u00d7 Ethernet 10\/100\/1000 \u041c\u0431\u0438\u0442\/\u0441<br \/>\n\u041f\u043e\u0440\u0442\u044b 8 \u00d7 USB 2.0, 1 \u00d7 USB 3.0, 3 \u00d7 RS232, 1 \u00d7 VGA, 1 \u00d7 HDMI, 2 \u00d7 AUDIO, 2 \u00d7 MIC, 1 \u00d7 PS\/2.<br \/>\n\u041f\u0438\u0442\u0430\u043d\u0438\u0435  12 \u0412\u043e\u043b\u044c\u0442 \/ 5 \u0410\u043c\u043f\u0435\u0440, \u0447\u0435\u0440\u0435\u0437 \u0430\u0434\u0430\u043f\u0442\u0435\u0440 \u043f\u043e\u0441\u0442\u043e\u044f\u043d\u043d\u043e\u0433\u043e \u0442\u043e\u043a\u0430 (\u043f\u043e\u0441\u0442\u0430\u0432\u043b\u044f\u0435\u0442\u0441\u044f \u0432 \u043a\u043e\u043c\u043f\u043b\u0435\u043a\u0442\u0435)<br \/>\n\u0422\u0435\u043c\u043f\u0435\u0440\u0430\u0442\u0443\u0440\u0430 \u044d\u043a\u0441\u043f\u043b\u0443\u0430\u0442\u0430\u0446\u0438\u0438  0\u2026+50\u00b0C<br \/>\n\u0422\u0435\u043c\u043f\u0435\u0440\u0430\u0442\u0443\u0440\u0430 \u0445\u0440\u0430\u043d\u0435\u043d\u0438\u044f  -10\u2026+60\u00b0C<br \/>\n\u0414\u043e\u043f\u0443\u0441\u0442\u0438\u043c\u0430\u044f \u043e\u0442\u043d\u043e\u0441\u0438\u0442\u0435\u043b\u044c\u043d\u0430\u044f \u0432\u043b\u0430\u0436\u043d\u043e\u0441\u0442\u044c \u0432\u043e\u0437\u0434\u0443\u0445\u0430  \u043e\u0442 5% \u0434\u043e 90% \u043f\u0440\u0438 26\u00b0\u0421<br \/>\n\u0426\u0432\u0435\u0442 \/ \u041c\u0430\u0442\u0435\u0440\u0438\u0430\u043b \u043a\u043e\u0440\u043f\u0443\u0441\u0430  \u0427\u0451\u0440\u043d\u044b\u0439 \/ \u0410\u043b\u044e\u043c\u0438\u043d\u0438\u0435\u0432\u044b\u0439 \u0441\u043f\u043b\u0430\u0432, \u0441\u0442\u0430\u043b\u044c<br \/>\n\u0413\u0430\u0431\u0430\u0440\u0438\u0442\u044b, \u043c\u043c (\u0428\u00d7\u0412\u00d7\u0413)   234 \u0445 55 \u0445 207<br \/>\n\u0412\u0435\u0441 \u043d\u0435\u0442\u0442\u043e  2.0 \u041a\u0433\u00b10.5 \u041a\u0433<br \/>\n\u0423\u0441\u0442\u0430\u043d\u043e\u0432\u043a\u0430  \u041d\u0430\u0441\u0442\u043e\u043b\u044c\u043d\u0430\u044f, \u0432\u043e\u0437\u043c\u043e\u0436\u043d\u043e \u043a\u0440\u0435\u043f\u043b\u0435\u043d\u0438\u0435 \u043d\u0430 \u0441\u0442\u0435\u043d\u0443<br \/>\n\u041f\u043e\u0434\u0434\u0435\u0440\u0436\u043a\u0430 \u043e\u043f\u0435\u0440\u0430\u0446\u0438\u043e\u043d\u043d\u044b\u0445 \u0441\u0438\u0441\u0442\u0435\u043c  Windows 10 IoT, Windows 7 POS Ready, Linux<\/p>\n","protected":false},"excerpt":{"rendered":"<p>POS-\u043a\u043e\u043c\u043f\u044c\u044e\u0442\u0435\u0440 \u0410\u0422\u041e\u041b NFD10 PRO \u2014 \u043d\u043e\u0432\u043e\u0435 \u043f\u043e\u043a\u043e\u043b\u0435\u043d\u0438\u0435 \u043f\u0440\u043e\u043c\u044b\u0448\u043b\u0435\u043d\u043d\u044b\u0445 \u043a\u0430\u0441\u0441\u043e\u0432\u044b\u0445 \u043a\u043e\u043c\u043f\u044c\u044e\u0442\u0435\u0440\u043e\u0432 \u0410\u0422\u041e\u041b. \u042d\u0442\u043e \u043c\u043e\u0449\u043d\u044b\u0439 \u0438 \u0432\u044b\u0441\u043e\u043a\u043e\u043f\u0440\u043e\u0438\u0437\u0432\u043e\u0434\u0438\u0442\u0435\u043b\u044c\u043d\u044b\u0439 \u0441\u0438\u0441\u0442\u0435\u043c\u043d\u044b\u0439 \u0431\u043b\u043e\u043a, \u0440\u0430\u0437\u0440\u0430\u0431\u043e\u0442\u0430\u043d\u043d\u044b\u0439 \u043d\u0430 \u0431\u0430\u0437\u0435 \u0441\u043e\u0432\u0440\u0435\u043c\u0435\u043d\u043d\u043e\u0433\u043e 4-\u0445 \u044f\u0434\u0435\u0440\u043d\u043e\u0433\u043e \u043f\u0440\u043e\u0446\u0435\u0441\u0441\u043e\u0440\u0430 Intel\u00ae Celeron\u00ae J1900, BayTrail, 2.00 \u0413\u0413\u0446 \/ 2.42 \u0413\u0413\u0446. \u041a\u043e\u043c\u043f\u044c\u044e\u0442\u0435\u0440 \u043f\u0440\u0435\u0434\u043d\u0430\u0437\u043d\u0430\u0447\u0435\u043d \u0434\u043b\u044f \u0440\u0430\u0431\u043e\u0442\u044b \u0432 \u043a\u0440\u0443\u0433\u043b\u043e\u0441\u0443\u0442\u043e\u0447\u043d\u043e\u043c \u0440\u0435\u0436\u0438\u043c\u0435, \u043b\u0435\u0433\u043a\u043e \u0441\u043f\u0440\u0430\u0432\u043b\u044f\u0435\u0442\u0441\u044f \u0441 \u043a\u0430\u0441\u0441\u043e\u0432\u044b\u043c \u041f\u041e \u0438 \u0441 \u0440\u0435\u0441\u0443\u0440\u0441\u043e\u0435\u043c\u043a\u0438\u043c\u0438 \u0442\u043e\u0432\u0430\u0440\u043e\u0443\u0447\u0435\u0442\u043d\u044b\u043c\u0438 \u043f\u0440\u043e\u0433\u0440\u0430\u043c\u043c\u0430\u043c\u0438. \u0421 NFD10 PRO \u0432\u044b \u0441\u043c\u043e\u0436\u0435\u0442\u0435&#8230;<\/p>\n","protected":false},"featured_media":350859,"template":"","meta":[],"product_cat":[4436],"product_tag":[],"yoast_head":"<!-- This site is optimized with the Yoast SEO Premium plugin v20.1 (Yoast SEO v20.3) - https:\/\/yoast.com\/wordpress\/plugins\/seo\/ -->\n<title>POS-\u043a\u043e\u043c\u043f\u044c\u044e\u0442\u0435\u0440 \u0410\u0422\u041e\u041b NFD10 PRO<\/title>\n<meta name=\"robots\" content=\"index, follow, max-snippet:-1, max-image-preview:large, max-video-preview:-1\" \/>\n<link rel=\"canonical\" href=\"https:\/\/asf-trade.ru\/shop\/irkutsk\/product\/pos-kompjuter-atol-nfd10-pro-3\/\" \/>\n<meta property=\"og:locale\" content=\"ru_RU\" \/>\n<meta property=\"og:type\" content=\"article\" \/>\n<meta property=\"og:title\" content=\"POS-\u043a\u043e\u043c\u043f\u044c\u044e\u0442\u0435\u0440 \u0410\u0422\u041e\u041b NFD10 PRO\" \/>\n<meta property=\"og:url\" content=\"https:\/\/asf-trade.ru\/shop\/irkutsk\/product\/pos-kompjuter-atol-nfd10-pro-3\/\" \/>\n<meta property=\"og:site_name\" content=\"\u0418\u043d\u0442\u0435\u0440\u043d\u0435\u0442-\u043c\u0430\u0433\u0430\u0437\u0438\u043d \u043e\u0431\u043e\u0440\u0443\u0434\u043e\u0432\u0430\u043d\u0438\u044f \u0410\u0421\u0424-\u0422\u0440\u044d\u0439\u0434\" \/>\n<meta property=\"article:publisher\" content=\"https:\/\/www.facebook.com\/gkasf\/\" \/>\n<meta property=\"article:modified_time\" content=\"2026-04-12T18:09:59+00:00\" \/>\n<meta property=\"og:image\" content=\"https:\/\/asf-trade.ru\/shop\/irkutsk\/wp-content\/uploads\/sites\/3\/2025\/06\/co-00029579_preview.jpg\" \/>\n\t<meta property=\"og:image:width\" content=\"600\" \/>\n\t<meta property=\"og:image:height\" content=\"600\" \/>\n\t<meta property=\"og:image:type\" content=\"image\/jpeg\" \/>\n<meta name=\"twitter:card\" content=\"summary_large_image\" \/>\n<script type=\"application\/ld+json\" class=\"yoast-schema-graph\">{\"@context\":\"https:\/\/schema.org\",\"@graph\":[{\"@type\":\"WebPage\",\"@id\":\"https:\/\/asf-trade.ru\/shop\/irkutsk\/product\/pos-kompjuter-atol-nfd10-pro-3\/\",\"url\":\"https:\/\/asf-trade.ru\/shop\/irkutsk\/product\/pos-kompjuter-atol-nfd10-pro-3\/\",\"name\":\"POS-\u043a\u043e\u043c\u043f\u044c\u044e\u0442\u0435\u0440 \u0410\u0422\u041e\u041b NFD10 PRO\",\"isPartOf\":{\"@id\":\"https:\/\/asf-trade.ru\/shop\/irkutsk\/#website\"},\"datePublished\":\"2018-11-08T04:15:38+00:00\",\"dateModified\":\"2026-04-12T18:09:59+00:00\",\"breadcrumb\":{\"@id\":\"https:\/\/asf-trade.ru\/shop\/irkutsk\/product\/pos-kompjuter-atol-nfd10-pro-3\/#breadcrumb\"},\"inLanguage\":\"ru-RU\",\"potentialAction\":[{\"@type\":\"ReadAction\",\"target\":[\"https:\/\/asf-trade.ru\/shop\/irkutsk\/product\/pos-kompjuter-atol-nfd10-pro-3\/\"]}]},{\"@type\":\"BreadcrumbList\",\"@id\":\"https:\/\/asf-trade.ru\/shop\/irkutsk\/product\/pos-kompjuter-atol-nfd10-pro-3\/#breadcrumb\",\"itemListElement\":[{\"@type\":\"ListItem\",\"position\":1,\"name\":\"Home\",\"item\":\"https:\/\/asf-trade.ru\/shop\/irkutsk\/\"},{\"@type\":\"ListItem\",\"position\":2,\"name\":\"\u041c\u0430\u0433\u0430\u0437\u0438\u043d\",\"item\":\"https:\/\/asf-trade.ru\/shop\/irkutsk\/shop\/\"},{\"@type\":\"ListItem\",\"position\":3,\"name\":\"POS-\u043a\u043e\u043c\u043f\u044c\u044e\u0442\u0435\u0440 \u0410\u0422\u041e\u041b NFD10 PRO\"}]},{\"@type\":\"WebSite\",\"@id\":\"https:\/\/asf-trade.ru\/shop\/irkutsk\/#website\",\"url\":\"https:\/\/asf-trade.ru\/shop\/irkutsk\/\",\"name\":\"\u0418\u043d\u0442\u0435\u0440\u043d\u0435\u0442-\u043c\u0430\u0433\u0430\u0437\u0438\u043d \u043e\u0431\u043e\u0440\u0443\u0434\u043e\u0432\u0430\u043d\u0438\u044f \\\"\u0410\u0421\u0424-\u0422\u0440\u044d\u0439\u0434\\\"\",\"description\":\"\u0418\u043d\u0442\u0435\u0440\u043d\u0435\u0442-\u043c\u0430\u0433\u0430\u0437\u0438\u043d \u043e\u0431\u043e\u0440\u0443\u0434\u043e\u0432\u0430\u043d\u0438\u044f \u0410\u0421\u0424-\u0422\u0440\u044d\u0439\u0434\",\"publisher\":{\"@id\":\"https:\/\/asf-trade.ru\/shop\/irkutsk\/#organization\"},\"potentialAction\":[{\"@type\":\"SearchAction\",\"target\":{\"@type\":\"EntryPoint\",\"urlTemplate\":\"https:\/\/asf-trade.ru\/shop\/irkutsk\/?s={search_term_string}\"},\"query-input\":\"required name=search_term_string\"}],\"inLanguage\":\"ru-RU\"},{\"@type\":\"Organization\",\"@id\":\"https:\/\/asf-trade.ru\/shop\/irkutsk\/#organization\",\"name\":\"\u041e\u041e\u041e \\\"\u0410\u0421\u0424-\u0422\u0440\u0435\u0439\u0434\\\"\",\"url\":\"https:\/\/asf-trade.ru\/shop\/irkutsk\/\",\"logo\":{\"@type\":\"ImageObject\",\"inLanguage\":\"ru-RU\",\"@id\":\"https:\/\/asf-trade.ru\/shop\/irkutsk\/#\/schema\/logo\/image\/\",\"url\":\"\",\"contentUrl\":\"\",\"caption\":\"\u041e\u041e\u041e \\\"\u0410\u0421\u0424-\u0422\u0440\u0435\u0439\u0434\\\"\"},\"image\":{\"@id\":\"https:\/\/asf-trade.ru\/shop\/irkutsk\/#\/schema\/logo\/image\/\"},\"sameAs\":[\"https:\/\/www.facebook.com\/gkasf\/\",\"https:\/\/www.instagram.com\/asf_gk\/\"]}]}<\/script>\n<meta property=\"product:price:amount\" content=\"38700.00\" \/>\n<meta property=\"product:price:currency\" content=\"RUB\" \/>\n<meta property=\"og:availability\" content=\"instock\" \/>\n<meta property=\"product:availability\" content=\"instock\" \/>\n<meta property=\"product:retailer_item_id\" content=\"CO-00029579_000000001\" \/>\n<meta property=\"product:condition\" content=\"new\" \/>\n<!-- \/ Yoast SEO Premium plugin. -->","yoast_head_json":{"title":"POS-\u043a\u043e\u043c\u043f\u044c\u044e\u0442\u0435\u0440 \u0410\u0422\u041e\u041b NFD10 PRO","robots":{"index":"index","follow":"follow","max-snippet":"max-snippet:-1","max-image-preview":"max-image-preview:large","max-video-preview":"max-video-preview:-1"},"canonical":"https:\/\/asf-trade.ru\/shop\/irkutsk\/product\/pos-kompjuter-atol-nfd10-pro-3\/","og_locale":"ru_RU","og_type":"article","og_title":"POS-\u043a\u043e\u043c\u043f\u044c\u044e\u0442\u0435\u0440 \u0410\u0422\u041e\u041b NFD10 PRO","og_url":"https:\/\/asf-trade.ru\/shop\/irkutsk\/product\/pos-kompjuter-atol-nfd10-pro-3\/","og_site_name":"\u0418\u043d\u0442\u0435\u0440\u043d\u0435\u0442-\u043c\u0430\u0433\u0430\u0437\u0438\u043d \u043e\u0431\u043e\u0440\u0443\u0434\u043e\u0432\u0430\u043d\u0438\u044f \u0410\u0421\u0424-\u0422\u0440\u044d\u0439\u0434","article_publisher":"https:\/\/www.facebook.com\/gkasf\/","article_modified_time":"2026-04-12T18:09:59+00:00","og_image":[{"width":600,"height":600,"url":"https:\/\/asf-trade.ru\/shop\/irkutsk\/wp-content\/uploads\/sites\/3\/2025\/06\/co-00029579_preview.jpg","type":"image\/jpeg"}],"twitter_card":"summary_large_image","schema":{"@context":"https:\/\/schema.org","@graph":[{"@type":"WebPage","@id":"https:\/\/asf-trade.ru\/shop\/irkutsk\/product\/pos-kompjuter-atol-nfd10-pro-3\/","url":"https:\/\/asf-trade.ru\/shop\/irkutsk\/product\/pos-kompjuter-atol-nfd10-pro-3\/","name":"POS-\u043a\u043e\u043c\u043f\u044c\u044e\u0442\u0435\u0440 \u0410\u0422\u041e\u041b NFD10 PRO","isPartOf":{"@id":"https:\/\/asf-trade.ru\/shop\/irkutsk\/#website"},"datePublished":"2018-11-08T04:15:38+00:00","dateModified":"2026-04-12T18:09:59+00:00","breadcrumb":{"@id":"https:\/\/asf-trade.ru\/shop\/irkutsk\/product\/pos-kompjuter-atol-nfd10-pro-3\/#breadcrumb"},"inLanguage":"ru-RU","potentialAction":[{"@type":"ReadAction","target":["https:\/\/asf-trade.ru\/shop\/irkutsk\/product\/pos-kompjuter-atol-nfd10-pro-3\/"]}]},{"@type":"BreadcrumbList","@id":"https:\/\/asf-trade.ru\/shop\/irkutsk\/product\/pos-kompjuter-atol-nfd10-pro-3\/#breadcrumb","itemListElement":[{"@type":"ListItem","position":1,"name":"Home","item":"https:\/\/asf-trade.ru\/shop\/irkutsk\/"},{"@type":"ListItem","position":2,"name":"\u041c\u0430\u0433\u0430\u0437\u0438\u043d","item":"https:\/\/asf-trade.ru\/shop\/irkutsk\/shop\/"},{"@type":"ListItem","position":3,"name":"POS-\u043a\u043e\u043c\u043f\u044c\u044e\u0442\u0435\u0440 \u0410\u0422\u041e\u041b NFD10 PRO"}]},{"@type":"WebSite","@id":"https:\/\/asf-trade.ru\/shop\/irkutsk\/#website","url":"https:\/\/asf-trade.ru\/shop\/irkutsk\/","name":"\u0418\u043d\u0442\u0435\u0440\u043d\u0435\u0442-\u043c\u0430\u0433\u0430\u0437\u0438\u043d \u043e\u0431\u043e\u0440\u0443\u0434\u043e\u0432\u0430\u043d\u0438\u044f \"\u0410\u0421\u0424-\u0422\u0440\u044d\u0439\u0434\"","description":"\u0418\u043d\u0442\u0435\u0440\u043d\u0435\u0442-\u043c\u0430\u0433\u0430\u0437\u0438\u043d \u043e\u0431\u043e\u0440\u0443\u0434\u043e\u0432\u0430\u043d\u0438\u044f \u0410\u0421\u0424-\u0422\u0440\u044d\u0439\u0434","publisher":{"@id":"https:\/\/asf-trade.ru\/shop\/irkutsk\/#organization"},"potentialAction":[{"@type":"SearchAction","target":{"@type":"EntryPoint","urlTemplate":"https:\/\/asf-trade.ru\/shop\/irkutsk\/?s={search_term_string}"},"query-input":"required name=search_term_string"}],"inLanguage":"ru-RU"},{"@type":"Organization","@id":"https:\/\/asf-trade.ru\/shop\/irkutsk\/#organization","name":"\u041e\u041e\u041e \"\u0410\u0421\u0424-\u0422\u0440\u0435\u0439\u0434\"","url":"https:\/\/asf-trade.ru\/shop\/irkutsk\/","logo":{"@type":"ImageObject","inLanguage":"ru-RU","@id":"https:\/\/asf-trade.ru\/shop\/irkutsk\/#\/schema\/logo\/image\/","url":"","contentUrl":"","caption":"\u041e\u041e\u041e \"\u0410\u0421\u0424-\u0422\u0440\u0435\u0439\u0434\""},"image":{"@id":"https:\/\/asf-trade.ru\/shop\/irkutsk\/#\/schema\/logo\/image\/"},"sameAs":["https:\/\/www.facebook.com\/gkasf\/","https:\/\/www.instagram.com\/asf_gk\/"]}]},"product_price_amount":"38700.00","product_price_currency":"RUB","og_availability":"instock","product_availability":"instock","product_retailer_item_id":"CO-00029579_000000001","product_condition":"new"},"_links":{"self":[{"href":"https:\/\/asf-trade.ru\/shop\/irkutsk\/wp-json\/wp\/v2\/product\/76177"}],"collection":[{"href":"https:\/\/asf-trade.ru\/shop\/irkutsk\/wp-json\/wp\/v2\/product"}],"about":[{"href":"https:\/\/asf-trade.ru\/shop\/irkutsk\/wp-json\/wp\/v2\/types\/product"}],"wp:featuredmedia":[{"embeddable":true,"href":"https:\/\/asf-trade.ru\/shop\/irkutsk\/wp-json\/wp\/v2\/media\/350859"}],"wp:attachment":[{"href":"https:\/\/asf-trade.ru\/shop\/irkutsk\/wp-json\/wp\/v2\/media?parent=76177"}],"wp:term":[{"taxonomy":"product_cat","embeddable":true,"href":"https:\/\/asf-trade.ru\/shop\/irkutsk\/wp-json\/wp\/v2\/product_cat?post=76177"},{"taxonomy":"product_tag","embeddable":true,"href":"https:\/\/asf-trade.ru\/shop\/irkutsk\/wp-json\/wp\/v2\/product_tag?post=76177"}],"curies":[{"name":"wp","href":"https:\/\/api.w.org\/{rel}","templated":true}]}}